8 - 7*i**3/6 + 12*i**2. List the prime factors of x(-11).
3
Let o(p) = -17*p - 2 - 23*p**2 + 11 + p**3 + 48*p. What are the prime factors of o(22)?
3, 23
Let y(j) = j**3 + 15*j**2 + 13*j - 7. Let f be y(-14). Suppose -11*k + f*k = -164. What are the prime factors of k?
41
Suppose -5*v = 3*i - 0*i + 41, -2*i - 2*v = 26. Let o(c) = -c**3 - 13*c**2 - 17*c + 10. What are the prime factors of o(i)?
2, 5, 7
Let j(k) = -k - 9. Let y be j(0). Let h be (y - -9) + -7 + 0. Let b = 14 + h. List the prime factors of b.
7
Suppose 26*a - 84902 + 7318 = 0. What are the prime factors of a?
2, 373
Let f(u) = 5*u**3 - 3*u**2 - 4*u + 9. Let v(h) = -4*h**3 + 2*h**2 + 3*h - 8. Let q(d) = 5*f(d) + 6*v(d). Let s = 419 - 415. What are the prime factors of q(s)?
5
Let p be 58/4*(-16)/(-8). Let s = 63 - p. What are the prime factors of s?
2, 17
Let m = -67 - -67. Suppose -2*d + 4 = 0, -1 = -4*r + d + 5. Suppose 0 = -2*j + r*g - 0*g + 6, m = -5*j - 4*g + 42. List the prime factors of j.
2, 3
Suppose 7*c - 21670 = 10530. What are the prime factors of c?
2, 5, 23
Suppose g + 3*s = 5*g - 272, 0 = -3*g - 2*s + 221. Suppose d = 2*h + g, -2*d + 295 = 2*d + 3*h. What are the prime factors of d?
73
Let t be 62*((-27)/6 - -3). Let h = 55 + t. Let f = h + 87. List the prime factors of f.
7
Suppose 4*j + 145 = 4*k - 87, 81 = 2*k + 5*j. Let h = 30 + k. What are the prime factors of h?
83
Let t(p) = -6*p + 18. Let c be t(-3). What are the prime factors of ((-26)/6)/(3*(-2)/c)?
2, 13
List the prime factors of (-10)/((-60)/(-42)) - -1438.
3, 53
Let x = -11 - -22. Let r = -8 + x. What are the prime factors of 11 + 1*(-6)/r?
3
Let g(t) = 4*t**2 - 5*t + 1. Suppose -u = 5*w + 4*u - 115, 0 = w - 4*u - 8. Let v = 24 - w. What are the prime factors of g(v)?
3, 5
Suppose 0 = -b + 6*b - 15. Suppose -109 = -b*n + 59. Suppose 0 = 4*c - 0*c - n. List the prime factors of c.
2, 7
Let g(a) = -a**2 - 6*a - 12. Let b be g(14). Let v = -144 - b. What are the prime factors of v?
2, 37
Let i be (-2)/8*-1 - 150/(-40). Suppose 5*r - 241 = i*b, -5*r - 5*b = -0*b - 205. List the prime factors of r.
3, 5
Let z = -137 + 251. What are the prime factors of z?
2, 3, 19
Suppose 3*y + u - 1059 = -u, -3 = u. Suppose -101 = -4*b + y. List the prime factors of b.
2, 3, 19
Suppose -2519 = -5*q - 409. Suppose q = 6*d - 274. List the prime factors of d.
2, 29
Suppose -4419 - 3537 = -12*t. List the prime factors of t.
3, 13, 17
Let i be (3 - 5) + 4 + (1 - 1). List the prime factors of (-1)/(-2*i + 2015/505).
101
Suppose -5*i = c + 120, 0*c = -c - 4*i - 118. Let x = c + 226. List the prime factors of x.
2, 29
Suppose -20 = -2*u - 3*l, l - 7 = -2*u + 5. Suppose 3*i = 6, 6*m = m - u*i + 33. Suppose m*d - 321 = -1. List the prime factors of d.
2
Let m(o) = 5*o**2 + 94*o + 21. What are the prime factors of m(-36)?
3, 1039
Let w be 8/(-14) + 968/28. Let g = 54 - w. What are the prime factors of g?
2, 5
Let c(g) = 19*g**2 - 4*g + 10. What are the prime factors of c(6)?
2, 5, 67
Let m = -29 - -21. Let u = 11 + m. Suppose u*v = -v + 68. What are the prime factors of v?
17
Let z = 244 - 250. Suppose 4*b = 5*b + 31. Let l = z - b. List the prime factors of l.
5
Let k(t) = -t + 8. Let i = -28 - -19. Let d be k(i). Suppose -d = -2*r + 37. What are the prime factors of r?
3
Let z(u) = -13*u**3 + 5*u**2 + 7*u + 16. List the prime factors of z(-3).
17, 23
Suppose 12 = p + 2*p. Suppose -307 = -5*x - 3*n, -5*x + p*n - 5*n = -309. What are the prime factors of x?
2, 31
Let t(c) = c**3 - 20*c**2 + 14*c - 23. Let w be t(20). Let n = w + -169. List the prime factors of n.
2, 11
Let w = -15 - -18. Suppose -256 + 73 = -w*z. What are the prime factors of z?
61
Suppose 17*r - 11*r = 60. Suppose -r = 5*v, -x + 0*x = -5*v - 44. List the prime factors of x.
2, 17
Let c(f) = -4*f**2 + 4 - 9 - 6*f + 2*f**2 + f**2. Let u be c(-3). Suppose 0*q = 3*q - 2*a - 34, 2*a + u = 0. List the prime factors of q.
2, 5
Let o be (-223)/4 - (-1)/(-4). Let l = o + 14. Let a = l + 72. List the prime factors of a.
2, 3, 5
Let x(o) = o**2 - 5*o + 12. Suppose -96 + 86 = y. What are the prime factors of x(y)?
2, 3
What are the prime factors of (-2)/(-7) - 41763/(-21)?
3, 13, 17
Let g be 2/12 + (-24345)/(-54). Suppose -f + 213 = o, 8*f + 3*o = 10*f - g. What are the prime factors of f?
2, 109
Let u = 426 - -215. What are the prime factors of u?
641
Let z = -23 + 28. Suppose -z*u + 72 = -78. Suppose -5*w + 0*w = -u. List the prime factors of w.
2, 3
Suppose -3*l + 24 = 18. What are the prime factors of 40 - 0/(-5*l/(-5))?
2, 5
Let d(h) = h**3 - 8*h**2 - 15*h - 12. What are the prime factors of d(11)?
2, 3, 31
Suppose 138 = u - 152. Let x = u + -207. List the prime factors of x.
83
Let t(h) = -3*h - 11. Let f be t(-15). Let m = f + -28. What are the prime factors of m?
2, 3
Suppose -l = 4*v + 2*l - 448, 4*v + 2*l - 448 = 0. Let w = -72 + v. List the prime factors of w.
2, 5
Let v = -1001 + 1707. What are the prime factors of v?
2, 353
Let a(i) = -2*i - 14. Let j be a(-6). Suppose 0 = -3*d + y + 43, -5*y - 4 = -3*d + 55. Let f = d - j. List the prime factors of f.
3, 5
Let w(t) = -t - 5. Let b be w(-7). Suppose -b*m = m - 15. Let y = m + 18. What are the prime factors of y?
23
Let i(k) = 81*k**2 + 3*k. Let l be i(-3). Suppose -l = 7*y - 15*y. List the prime factors of y.
2, 3, 5
Let f(m) be the first derivative of -55*m**3/6 - m**2/2 - 5*m + 10. Let y(q) be the first derivative of f(q). What are the prime factors of y(-1)?
2, 3
Let q = -223 + 443. What are the prime factors of q?
2, 5, 11
Let d(a) = -3*a + 31. Let m be d(11). List the prime factors of (3 - 2) + m - -255.
2, 127
Let b be 24/(3 - -1) - 1. Suppose 0 = 3*p - 4*w - 235, b*p = -3*w - 0*w + 411. What are the prime factors of 1233/p + 4/(-18)?
3, 5
Suppose f = 4*q - 2*f + 24, 2*q + 12 = 3*f. Let i(x) = -x + 2. List the prime factors of i(q).
2
Let q(l) = 14*l**3 - 32*l**2 + 7*l - 19. What are the prime factors of q(6)?
5, 379
Suppose 3*a = -6*c + c + 994, -a + 3 = 0. List the prime factors of c.
197
Suppose 3*b + z - 11 = 2*z, -5*z = 2*b + 21. Suppose 4*n = 5*j + 161, 2*n = -b*n + 3*j + 167. List the prime factors of n.
2, 11
Let n(o) = 36*o**2 - 7*o + 14. List the prime factors of n(6).
2, 317
Suppose -3*l = -11*l - 56. List the prime factors of 5 + l + 60/(2/1).
2, 7
Suppose 2*g + 5*u - 15 = 7*g, -5*g - 5*u + 35 = 0. Suppose -4*m + 135 = 5*p - 9*m, 4*m = -5*p + 162. Suppose -p - 10 = -g*y. List the prime factors of y.
2, 5
Let q(c) = -8*c - 5. Let b be q(-5). Suppose 5*k + 35 = w + w, 2*k = 5*w - b. List the prime factors of 5 + k + (-82)/(-2).
41
Let y(v) = 11*v**2 + 4*v + 2. Let z be y(-2). Suppose 3*q = q - z. Let d = q - -33. List the prime factors of d.
2, 7
Let f(o) = -3*o + 26. Suppose 0*q + 39 = -3*q. What are the prime factors of f(q)?
5, 13
Let w(b) = -78*b. Let z be w(-5). Suppose 3*j - 405 = -2*d + d, -3*j + 4*d + z = 0. List the prime factors of j.
2, 67
Let m(w) = 1467*w**2 - 80*w + 80. What are the prime factors of m(1)?
3, 163
Let x(q) = -10*q - 21. Let a(j) = 5*j + 11. Let l(b) = -7*a(b) - 3*x(b). What are the prime factors of l(-5)?
11
Let f = 18 - 4. Let x = f + -12. Suppose x*t - 21 = t. What are the prime factors of t?
3, 7
Let z be 8/12 + 40/(-6). Suppose 2*q + 0*q + 4 = 3*h, -2*q = -5*h + 12. What are the prime factors of z/h*(-1416)/36?
59
Let l(a) = -a**2 + 4*a + 27. Let u be l(9). Let g(f) = -f**3 - 18*f**2 - 3*f + 17. List the prime factors of g(u).
71
Suppose 0 = 5*d - 4*b - 15506, 2*d + b - 2*b - 6200 = 0. What are the prime factors of d?
2, 1549
Let d = -8 - -25. Suppose 22*x = d*x + 435. What are the prime factors of x?
3, 29
Let j be 1*((3 - 4) + 1). Suppose -5*k - 3*r + 295 - 42 = j, 2*k - 114 = 2*r. Suppose 11 = -2*w + k. List the prime factors of w.
3, 7
Let h be (-1 + -1 - -3) + 3. Suppose 0*v = h*v - 420. List the prime factors of v.
3, 5, 7
Let z be 2*((-16)/(-4))/2. List the prime factors of -1*(-38 + z + 1).
3, 11
List the prime factors of (-6)/(24/20)*294/(-15).
2, 7
Suppose -11*f + 24 = -14*f. Let r(c) be the third derivative of c**5/60 + 7*c**4/24 + 2*c**3 - 3*c**2. List the prime factors of r(f).
2, 5
Suppose 0*z = -3*r - 2*z + 17, 20 = 3*r + 5*z. Suppose 5*u - 3*j = -0*j + 75, -r*j = 4*u - 60. What are the prime factors of u?
3, 5
Let q = 25 + -22. Let z be 0*(0 + -1 